{"id":1799,"date":"2024-12-19T09:36:28","date_gmt":"2024-12-19T07:36:28","guid":{"rendered":"https:\/\/koodariverstas.memorylab.fi\/?page_id=1799"},"modified":"2024-12-19T09:38:53","modified_gmt":"2024-12-19T07:38:53","slug":"tietoa-hankkeesta","status":"publish","type":"page","link":"https:\/\/koodariverstas.memorylab.fi\/?page_id=1799","title":{"rendered":"Tietoa hankkeesta"},"content":{"rendered":"<div  class=\"tpgb-container-row tpgb-block-68d6_1799    alignwide  tpgb-container-inline  tpgb-container-wide \" data-id=\"68d6_1799 \"   ><div class=\"tpgb-cont-in\">\n<div  class=\"tpgb-container-row tpgb-block-0389_1799    alignwide  tpgb-container-inline  tpgb-container-wide \" data-id=\"0389_1799 \"   ><div class=\"tpgb-cont-in\">\n\n<div class=\"tpgb-pro-paragraph tpgb-block-4ea6_1799\"><h3 class=\"pro-heading-inner\">Koodariverstas<\/h3><div class=\"pro-paragraph-inner\"><p>Koodariverstas-hankkeessa luodaan opiskelijoille ammattimainen toimintaymp\u00e4rist\u00f6, jossa he voivat ty\u00f6skennell\u00e4 aidoissa yritysprojekteissa ja kehitt\u00e4\u00e4 k\u00e4yt\u00e4nn\u00f6n taitojaan.\n\nHankkeessa luodaan my\u00f6s selke\u00e4 palvelurajapinta yrityksille helpottamaan toimeksiantojen antamista ja yhteisty\u00f6t\u00e4 opiskelijoiden kanssa.<\/p><\/div><\/div>\n\n\n\n<div class=\"tpgb-pro-paragraph tpgb-block-a9aa_1799\"><h3 class=\"pro-heading-inner\">Tiiviimp\u00e4\u00e4 yritys-oppilaitosyhteisty\u00f6t\u00e4<\/h3><div class=\"pro-paragraph-inner\"><p>Koodariverstas-hanke parantaa ohjelmistoalan opiskelijoiden ty\u00f6llistymismahdollisuuksia tarjoamalla k\u00e4yt\u00e4nn\u00f6n kokemusta ja ty\u00f6el\u00e4m\u00e4yhteyksi\u00e4. Yritykset hy\u00f6tyv\u00e4t lis\u00e4\u00e4ntyneest\u00e4 yhteisty\u00f6st\u00e4 ja saavat osaavaa ty\u00f6voimaa, mik\u00e4 vahvistaa niiden kilpailukyky\u00e4. Hanke edist\u00e4\u00e4 Etel\u00e4-Savon digitalisaatiota ja tukee alueen talouskasvua sek\u00e4 innovaatioita.<\/p><\/div><\/div>\n\n<\/div><\/div>\n\n\n<div class=\"wp-block-group has-border-color has-montserrat-font-family has-medium-font-size is-layout-flow wp-container-core-group-is-layout-148958e6 wp-block-group-is-layout-flow\" style=\"border-color:#0ff7b5;border-width:2px;border-radius:25px;margin-top:var(--wp--preset--spacing--20);margin-bottom:var(--wp--preset--spacing--20);padding-top:var(--wp--preset--spacing--40);padding-right:var(--wp--preset--spacing--40);padding-bottom:var(--wp--preset--spacing--40);padding-left:var(--wp--preset--spacing--40)\">\n<h2 class=\"wp-block-heading has-text-align-center\">Hankkeen keskeiset toimenpiteet<\/h2>\n\n\n\n<h3 class=\"wp-block-heading has-text-align-center\"><strong>Ty\u00f6paketti 1: Koodariverstaan muotoilu<\/strong><\/h3>\n\n\n\n<ul class=\"wp-block-list\">\n<li>Luodaan Koodariverstaalle ammattimaiset ohjelmistokehityksen ja ty\u00f6el\u00e4m\u00e4ty\u00f6skentelyn toimintatavat.<\/li>\n\n\n\n<li>Kehitet\u00e4\u00e4n selke\u00e4t prosessit, joiden avulla yritysten tarpeet m\u00e4\u00e4ritell\u00e4\u00e4n toimeksiannoiksi ja ohjataan opiskelijoille toteutettavaksi.<\/li>\n\n\n\n<li>Integroidaan Koodariverstaan toiminta osaksi opintoja.<\/li>\n<\/ul>\n\n\n\n<h3 class=\"wp-block-heading has-text-align-center\"><strong>Ty\u00f6paketti 2: Koodariverstaan pilotointi<\/strong><\/h3>\n\n\n\n<ul class=\"wp-block-list\">\n<li>Tunnistetaan yritysten tarpeet, muotoillaan niist\u00e4 toimeksiannot, sek\u00e4 nimet\u00e4\u00e4n niille tekij\u00e4t sovittuja toimintatapoja noudattaen.<\/li>\n\n\n\n<li>Toteutetaan yritysten antamia k\u00e4yt\u00e4nn\u00f6n toimeksiantoja noudattaen Koodariverstaan ammattimaisia toimintatapoja.<\/li>\n<\/ul>\n\n\n\n<h3 class=\"wp-block-heading has-text-align-center\"><strong>Ty\u00f6paketti 3: Verkostoty\u00f6 ja projektinhallinta<\/strong><\/h3>\n\n\n\n<p>Luodaan yrityksist\u00e4 ja oppilaitosten edustajista koostuva yhteisty\u00f6ryhm\u00e4 ohjaamaan Koodariverstaan toimintaa ja jatkokehityst\u00e4.<\/p>\n<\/div>\n\n<\/div><\/div>","protected":false},"excerpt":{"rendered":"","protected":false},"author":5,"featured_media":0,"parent":0,"menu_order":0,"comment_status":"closed","ping_status":"closed","template":"wp-custom-template-koodariverstas-pohja-ilman-heroa-2","meta":{"tpgb_global_settings":"","footnotes":""},"class_list":["post-1799","page","type-page","status-publish","hentry"],"tpgb_featured_images":null,"tpgb_post_meta_info":{"get_date":"19 December 2024","get_modified_date":"19 December 2024","author_name":"Niko Laurila","author_url":"https:\/\/koodariverstas.memorylab.fi\/?author=5","author_email":"niko.laurila@xamk.fi","author_website":"","author_description":"","author_facebook":"","author_twitter":"","author_instagram":"","author_role":["administrator"],"author_firstname":"Niko","author_lastname":"Laurila","user_login":"niko.laurila","author_avatar":"<img alt='' src='https:\/\/secure.gravatar.com\/avatar\/8dd369d5a127b99ee4d0f682d72b7c4542de6d18868c2e0a3a5d6cebf1e60f73?s=200&#038;d=mm&#038;r=g' srcset='https:\/\/secure.gravatar.com\/avatar\/8dd369d5a127b99ee4d0f682d72b7c4542de6d18868c2e0a3a5d6cebf1e60f73?s=400&#038;d=mm&#038;r=g 2x' class='avatar avatar-200 photo' height='200' width='200' loading='lazy' decoding='async'\/>","author_avatar_url":"https:\/\/secure.gravatar.com\/avatar\/8dd369d5a127b99ee4d0f682d72b7c4542de6d18868c2e0a3a5d6cebf1e60f73?s=96&d=mm&r=g","comment_count":0,"post_likes":0,"post_views":0},"tpgb_post_category":[],"_links":{"self":[{"href":"https:\/\/koodariverstas.memorylab.fi\/index.php?rest_route=\/wp\/v2\/pages\/1799","targetHints":{"allow":["GET"]}}],"collection":[{"href":"https:\/\/koodariverstas.memorylab.fi\/index.php?rest_route=\/wp\/v2\/pages"}],"about":[{"href":"https:\/\/koodariverstas.memorylab.fi\/index.php?rest_route=\/wp\/v2\/types\/page"}],"author":[{"embeddable":true,"href":"https:\/\/koodariverstas.memorylab.fi\/index.php?rest_route=\/wp\/v2\/users\/5"}],"replies":[{"embeddable":true,"href":"https:\/\/koodariverstas.memorylab.fi\/index.php?rest_route=%2Fwp%2Fv2%2Fcomments&post=1799"}],"version-history":[{"count":3,"href":"https:\/\/koodariverstas.memorylab.fi\/index.php?rest_route=\/wp\/v2\/pages\/1799\/revisions"}],"predecessor-version":[{"id":1808,"href":"https:\/\/koodariverstas.memorylab.fi\/index.php?rest_route=\/wp\/v2\/pages\/1799\/revisions\/1808"}],"wp:attachment":[{"href":"https:\/\/koodariverstas.memorylab.fi\/index.php?rest_route=%2Fwp%2Fv2%2Fmedia&parent=1799"}],"curies":[{"name":"wp","href":"https:\/\/api.w.org\/{rel}","templated":true}]}}