{"id":1754,"date":"2024-12-11T10:18:18","date_gmt":"2024-12-11T08:18:18","guid":{"rendered":"https:\/\/koodariverstas.memorylab.fi\/?page_id=1754"},"modified":"2024-12-16T13:09:19","modified_gmt":"2024-12-16T11:09:19","slug":"koodariverstas-kaytannossa","status":"publish","type":"page","link":"https:\/\/koodariverstas.memorylab.fi\/?page_id=1754","title":{"rendered":"Koodariverstas k\u00e4yt\u00e4nn\u00f6ss\u00e4"},"content":{"rendered":"\n<div class=\"wp-block-tpgb-tp-image tpgb-image tpgb-block-e982_1754\"><figure class=\"tpgb-figure\"><img decoding=\"async\" src=\"https:\/\/koodariverstas.memorylab.fi\/wp-content\/uploads\/2024\/11\/cropped-Koodariverstas_Logo-150x150.png\" alt=\"\" class=\"tpgb-img-inner wp-image-undefined\"\/><\/figure><\/div>\n\n\n<div  class=\"tpgb-container-row tpgb-block-b9cb_1754    alignwide  tpgb-container-inline  tpgb-container-wide \" data-id=\"b9cb_1754 \"   ><div class=\"tpgb-cont-in\">\n\n<div class=\"wp-block-group has-border-color has-base-2-background-color has-background is-layout-flow wp-container-core-group-is-layout-148958e6 wp-block-group-is-layout-flow\" style=\"border-color:#0ff7b5;border-width:2px;border-radius:25px;margin-top:var(--wp--preset--spacing--20);margin-bottom:var(--wp--preset--spacing--20);padding-top:var(--wp--preset--spacing--40);padding-right:var(--wp--preset--spacing--40);padding-bottom:var(--wp--preset--spacing--40);padding-left:var(--wp--preset--spacing--40)\">\n<div class=\"tpgb-pro-paragraph tpgb-block-5b4a_1754\"><div class=\"pro-paragraph-inner\"><span>Koodariverstaan toiminta<\/span><\/div><\/div>\n\n\n\n<div class=\"tpgb-pro-paragraph tpgb-block-d3ae_1754\"><div class=\"pro-paragraph-inner\"><p>Koodariverstas toimii yhden luukun periaattella, tarjoamme yritysten tarpeisiin sopivia ratkaisuita tilannekohtaisesti. Koodariverstas virtaviivaistaa usein hankalaksi ja monimutkaiseksi koettua yhteisty\u00f6t\u00e4 oppilaitoisten ja niiden opiskelijoiden kanssa. Koodariverstaassa toimeksianto otetaan nopeasti vastaan ja rattaat laitetaan py\u00f6rim\u00e4\u00e4n usein jo saman p\u00e4iv\u00e4n aikana. <\/p><\/div><\/div>\n\n\n\n<p class=\"has-text-align-center has-montserrat-font-family has-large-font-size\">Nopea kuvaus koodariverstaan toimintamallista:<\/p>\n\n\n\n<p><\/p>\n\n\n\n<div class=\"tpgb-pro-paragraph tpgb-block-b6ca_1754\"><h3 class=\"pro-heading-inner\">1: Toimeksianto j\u00e4tet\u00e4\u00e4n<\/h3><div class=\"pro-paragraph-inner\"><p>Kun j\u00e4t\u00e4t toimeksiannon koodariverstaalle, saamme siit\u00e4 ilmoituksen l\u00e4hes v\u00e4litt\u00f6m\u00e4sti. Kaikki toimeksiannot ja yhteydenotot luetaan pikimmiten ja niihin vastataan usein jo samana arkip\u00e4iv\u00e4n\u00e4. Vastauksessamme voimme kysy\u00e4 tarkempia lis\u00e4tietoja tai muuten vain ilmoittaa ett\u00e4 olemme n\u00e4hneet viestisi ja olemme ottaneet sen k\u00e4sittelyyn. <br><\/p><\/div><\/div>\n\n\n\n<div class=\"tpgb-pro-paragraph tpgb-block-5bcf_1754\"><h3 class=\"pro-heading-inner\">2: Koodariverstas aloittaa selvitysty\u00f6n <\/h3><div class=\"pro-paragraph-inner\"><p>Selvitysty\u00f6ss\u00e4 selvit\u00e4mme tarkasti tarvittavan ty\u00f6m\u00e4\u00e4r\u00e4n ja alamme etsim\u00e4\u00e4n sopivia opiskelijoita toimeksiannon laajuden perusteella. Olemme my\u00f6s sinuun yhteydess\u00e4 koskien tarkempia tietoja koskien tarpeitasi ja odotuksiasi. Alamme my\u00f6s t\u00e4ss\u00e4 vaiheessa keskustelemaan aktiivisesti opettajien sek\u00e4 muiden asiantuntijoiden kanssa toiveistasi ja toteutuksesta.<br><\/p><\/div><\/div>\n\n\n\n<div class=\"tpgb-pro-paragraph tpgb-block-2a7f_1754\"><h3 class=\"pro-heading-inner\">3: Toteutusmetodin ja toteuttajan valinta <\/h3><div class=\"pro-paragraph-inner\"><p>Aikaisempien keskustelujen ja selvitysty\u00f6n pohjalta tehdyt suunnitelmat esitell\u00e4\u00e4n ja saat valita sopiiko ehdotettu eteneminen sinulle. Jos projekti on selke\u00e4sti suurempi kuin mit\u00e4 opiskelijat voivat realistisesti toteuttaa, koodariverstas voi tarjota esimerkiksi teknist\u00e4 m\u00e4\u00e4rittely\u00e4 tai suositella sopivaa yrityst\u00e4 toteuttamaan tarpeesi. Jos tarpeesi sopii opiskelijoille toteutettavaksi ja istuu yhteen palveluluokistamme etenemme palveluluokan m\u00e4\u00e4rittelyn mukaan. <br><\/p><\/div><\/div>\n\n\n\n<div class=\"tpgb-pro-paragraph tpgb-block-9f62_1754\"><h3 class=\"pro-heading-inner\">4: Sopimuksen allekirjoitus <\/h3><div class=\"pro-paragraph-inner\"><p>Kun kaikki alustava ty\u00f6 on tehty kirjoitamme kanssasi kirjallisen sopimuksen tulevasta toteutuksesta. Sopimuksessa sovitaan vastuualueet, tavoitteet ja odotukset. Sopimuksessa sovitaan my\u00f6s esimerkiksi suosittelukirjeist\u00e4 ja muista pelis\u00e4\u00e4nn\u00f6ist\u00e4. Tarpeen vaatiessa kirjoitamme my\u00f6s salassapitosopimuksen (NDA). Koodariverstaan palvelut ovat ilmaisia eiv\u00e4tk\u00e4 maksa sinulle mit\u00e4\u00e4n. <\/p><\/div><\/div>\n<\/div>\n\n<\/div><\/div>\n\n<div  class=\"tpgb-container-row tpgb-block-cb76_1754    alignwide  tpgb-container-inline  tpgb-container-wide \" data-id=\"cb76_1754 \"   ><div class=\"tpgb-cont-in\">\n\n<div class=\"wp-block-group has-border-color has-base-2-background-color has-background is-vertical is-content-justification-center is-layout-flex wp-container-core-group-is-layout-5af00193 wp-block-group-is-layout-flex\" style=\"border-color:#0ff7b5;border-width:2px;border-radius:25px;margin-top:var(--wp--preset--spacing--20);margin-bottom:var(--wp--preset--spacing--20);padding-top:var(--wp--preset--spacing--40);padding-right:var(--wp--preset--spacing--40);padding-bottom:var(--wp--preset--spacing--40);padding-left:var(--wp--preset--spacing--40)\">\n<div class=\"tpgb-pro-paragraph tpgb-block-a9dd_1754\"><div class=\"pro-paragraph-inner\"><span>Koodariverstaan palveluluokat<\/span><\/div><\/div>\n\n\n<div  class=\"tpgb-container-row tpgb-block-2bc6_1754    alignwide  tpgb-container-inline  tpgb-container-wide \" data-id=\"2bc6_1754 \"   ><div class=\"tpgb-cont-in\">\n\n<div class=\"wp-block-group has-medium-font-size is-layout-flow wp-block-group-is-layout-flow\" style=\"min-height:0px;padding-top:0;padding-bottom:0\"><div  class=\"tpgb-container-row tpgb-block-cc2b_1754    alignwide  tpgb-container-inline  tpgb-container-wide \" data-id=\"cc2b_1754 \"   ><div class=\"tpgb-cont-in\">\n\n<div class=\"tpgb-pro-paragraph tpgb-block-477f_1754\"><h3 class=\"pro-heading-inner\">Nopeat projektit<\/h3><div class=\"pro-paragraph-inner\"><p>T\u00e4m\u00e4 palveluluokka sis\u00e4lt\u00e4\u00e4 nopeita selvityst\u00f6it\u00e4 tai pieni\u00e4 mikroprojekteja. <br><br>Esimerkkin\u00e4 nopeasta selvitysty\u00f6st\u00e4 voisi olla <strong>esimerkiksi: &#8220;Mik\u00e4 valmis avoimen l\u00e4hdekoodin palvelu voisi parantaa varastonhallintaani?&#8221;<br><\/strong><br>N\u00e4m\u00e4 toimeksiannot voidaan ohjata suoraan opettajien luokkahuoneisiin, joissa opiskelijat ryhmiss\u00e4 tekev\u00e4t selvitysty\u00f6t\u00e4 mahdollisista ratkaisuista.<br><br>Jos tarvitset tekij\u00e4\u00e4 pieneen projektiin, Koodariverstas sijoittaa opiskelijan toteuttamaan projektia ilman yrityksesi kannanottoa siihen kuka projektia tekee. <br><br><strong>N\u00e4m\u00e4 projektit vaativat pienimm\u00e4n sitoutumien yritykselt\u00e4si.<br><\/strong><\/p><\/div><\/div>\n\n<\/div><\/div>\n\n<div  class=\"tpgb-container-row tpgb-block-0830_1754    alignwide  tpgb-container-inline  tpgb-container-wide \" data-id=\"0830_1754 \"   ><div class=\"tpgb-cont-in\">\n\n<div class=\"tpgb-pro-paragraph tpgb-block-2737_1754\"><h3 class=\"pro-heading-inner\">Keskipitk\u00e4t projektit<\/h3><div class=\"pro-paragraph-inner\"><p>T\u00e4h\u00e4n palveluluokkaan kuuluvat keskipitk\u00e4t selvitykset, kehitysty\u00f6, sek\u00e4 pitempiaikainen konsultaatioty\u00f6. <br><br>keskipitkien projektien laajuus on noin 1kk. <br><br>N\u00e4iss\u00e4 projekteissa Koodariverstas voi l\u00e4hett\u00e4\u00e4 yrityksellesi listan soveltuvista opiskelijoista joista yrityksesi voi haastatella ja valita sopivimman henkil\u00f6n.<br><br>Jos yrityksess\u00e4si on jo valmiiksi osaavaa henkil\u00f6kuntaa, odotamme yrityst\u00e4si asettamaan mentorin opiskelijalle toteutusjakson ajaksi. <br><br><strong>Mik\u00e4li kyseess\u00e4 on kehitysty\u00f6t\u00e4 sis\u00e4lt\u00e4v\u00e4 toimeksianto, yrityksesi toimii my\u00f6s tuoteomistajana toteutettavalle projektille.<\/strong><\/p><\/div><\/div>\n\n<\/div><\/div>\n\n<div  class=\"tpgb-container-row tpgb-block-9641_1754    alignwide  tpgb-container-inline  tpgb-container-wide \" data-id=\"9641_1754 \"   ><div class=\"tpgb-cont-in\">\n\n<div class=\"tpgb-pro-paragraph tpgb-block-f115_1754\"><h3 class=\"pro-heading-inner\">Pitk\u00e4t projektit<\/h3><div class=\"pro-paragraph-inner\"><p>T\u00e4m\u00e4 palveluluokka koostuu haastavista projekteista. Haastavia projekteja voivat olla <strong>esimerkiksi: Pitk\u00e4j\u00e4nteinen ohjelmistotuotteen testaaminen, ohjelmistokehitys isossa projektissa, tai kokonaan uuden ratkaisun kehitt\u00e4minen ja tutkiminen.<br><\/strong><br>Pitkien projektien laajuus on usein noin 2-4kk.<br><br>Pitkiss\u00e4 projekteissa toimintamalli tekij\u00e4n valitsemiseen on sama kuin keskipitkiss\u00e4 projekteissa.<br><br>N\u00e4m\u00e4 projektit vaativat sitoutumista yritykselt\u00e4si. Yrityksesi asettaa mentorin opiskelijalle, sek\u00e4 seuraa opiskelijan etenemist\u00e4 ja ohjaa tarvittaessa oikeaan suuntaan. <br><br><strong>Yrityksesi toimii tuoteomistajana kaikissa pitkiss\u00e4 projekteissa<\/strong><\/p><\/div><\/div>\n\n<\/div><\/div><\/div>\n\n<\/div><\/div>\n\n\n<div class=\"wp-block-tpgb-tp-image tpgb-image tpgb-block-c70c_1754\"><figure class=\"tpgb-figure\"><img decoding=\"async\" src=\"https:\/\/koodariverstas.memorylab.fi\/wp-content\/uploads\/2024\/11\/f5111432c16c2fd89ee5054686f0a438-150x150.png\" alt=\"\" class=\"tpgb-img-inner wp-image-undefined\"\/><\/figure><\/div>\n<\/div>\n\n<\/div><\/div>","protected":false},"excerpt":{"rendered":"","protected":false},"author":5,"featured_media":0,"parent":0,"menu_order":0,"comment_status":"closed","ping_status":"closed","template":"wp-custom-template-koodariverstas-pohja-ilman-heroa-2","meta":{"tpgb_global_settings":"","footnotes":""},"class_list":["post-1754","page","type-page","status-publish","hentry"],"tpgb_featured_images":null,"tpgb_post_meta_info":{"get_date":"11 December 2024","get_modified_date":"16 December 2024","author_name":"Niko Laurila","author_url":"https:\/\/koodariverstas.memorylab.fi\/?author=5","author_email":"niko.laurila@xamk.fi","author_website":"","author_description":"","author_facebook":"","author_twitter":"","author_instagram":"","author_role":["administrator"],"author_firstname":"Niko","author_lastname":"Laurila","user_login":"niko.laurila","author_avatar":"<img alt='' src='https:\/\/secure.gravatar.com\/avatar\/8dd369d5a127b99ee4d0f682d72b7c4542de6d18868c2e0a3a5d6cebf1e60f73?s=200&#038;d=mm&#038;r=g' srcset='https:\/\/secure.gravatar.com\/avatar\/8dd369d5a127b99ee4d0f682d72b7c4542de6d18868c2e0a3a5d6cebf1e60f73?s=400&#038;d=mm&#038;r=g 2x' class='avatar avatar-200 photo' height='200' width='200' loading='lazy' decoding='async'\/>","author_avatar_url":"https:\/\/secure.gravatar.com\/avatar\/8dd369d5a127b99ee4d0f682d72b7c4542de6d18868c2e0a3a5d6cebf1e60f73?s=96&d=mm&r=g","comment_count":0,"post_likes":0,"post_views":0},"tpgb_post_category":[],"_links":{"self":[{"href":"https:\/\/koodariverstas.memorylab.fi\/index.php?rest_route=\/wp\/v2\/pages\/1754","targetHints":{"allow":["GET"]}}],"collection":[{"href":"https:\/\/koodariverstas.memorylab.fi\/index.php?rest_route=\/wp\/v2\/pages"}],"about":[{"href":"https:\/\/koodariverstas.memorylab.fi\/index.php?rest_route=\/wp\/v2\/types\/page"}],"author":[{"embeddable":true,"href":"https:\/\/koodariverstas.memorylab.fi\/index.php?rest_route=\/wp\/v2\/users\/5"}],"replies":[{"embeddable":true,"href":"https:\/\/koodariverstas.memorylab.fi\/index.php?rest_route=%2Fwp%2Fv2%2Fcomments&post=1754"}],"version-history":[{"count":11,"href":"https:\/\/koodariverstas.memorylab.fi\/index.php?rest_route=\/wp\/v2\/pages\/1754\/revisions"}],"predecessor-version":[{"id":1785,"href":"https:\/\/koodariverstas.memorylab.fi\/index.php?rest_route=\/wp\/v2\/pages\/1754\/revisions\/1785"}],"wp:attachment":[{"href":"https:\/\/koodariverstas.memorylab.fi\/index.php?rest_route=%2Fwp%2Fv2%2Fmedia&parent=1754"}],"curies":[{"name":"wp","href":"https:\/\/api.w.org\/{rel}","templated":true}]}}